{"id":368,"date":"2021-08-16T03:04:05","date_gmt":"2021-08-16T03:04:05","guid":{"rendered":"https:\/\/demo.ovatheme.com\/kababi\/?page_id=368"},"modified":"2025-04-28T22:02:39","modified_gmt":"2025-04-28T22:02:39","slug":"our-menu","status":"publish","type":"page","link":"http:\/\/ilvecchio.com.mx.previewc40.carrierzone.com\/?page_id=368","title":{"rendered":"Carta"},"content":{"rendered":"\t\t<div data-elementor-type=\"wp-page\" data-elementor-id=\"368\" class=\"elementor elementor-368\">\n\t\t\t\t\t\t<section class=\"elementor-section elementor-top-section elementor-element elementor-element-af648d6 elementor-section-boxed elementor-section-height-default elementor-section-height-default\" data-id=\"af648d6\" data-element_type=\"section\">\n\t\t\t\t\t\t<div class=\"elementor-container elementor-column-gap-default\">\n\t\t\t\t\t<div class=\"elementor-column elementor-col-100 elementor-top-column elementor-element elementor-element-59899dc\" data-id=\"59899dc\" data-element_type=\"column\">\n\t\t\t<div class=\"elementor-widget-wrap elementor-element-populated\">\n\t\t\t\t\t\t<div class=\"elementor-element elementor-element-34034b8 elementor-tabs-alignment-center elementor-tabs-view-horizontal elementor-widget elementor-widget-tabs\" data-id=\"34034b8\" data-element_type=\"widget\" data-widget_type=\"tabs.default\">\n\t\t\t\t<div class=\"elementor-widget-container\">\n\t\t\t\t\t\t\t<div class=\"elementor-tabs\">\n\t\t\t<div class=\"elementor-tabs-wrapper\" role=\"tablist\" >\n\t\t\t\t\t\t\t\t\t<div id=\"elementor-tab-title-5451\" class=\"elementor-tab-title elementor-tab-desktop-title\" aria-selected=\"true\" data-tab=\"1\" role=\"tab\" tabindex=\"0\" aria-controls=\"elementor-tab-content-5451\" aria-expanded=\"false\">Antipasti & Zuppe<\/div>\n\t\t\t\t\t\t\t\t\t<div id=\"elementor-tab-title-5452\" class=\"elementor-tab-title elementor-tab-desktop-title\" aria-selected=\"false\" data-tab=\"2\" role=\"tab\" tabindex=\"-1\" aria-controls=\"elementor-tab-content-5452\" aria-expanded=\"false\">Pasta \u2022 Pesce \u2022 Pizza<\/div>\n\t\t\t\t\t\t\t\t\t<div id=\"elementor-tab-title-5453\" class=\"elementor-tab-title elementor-tab-desktop-title\" aria-selected=\"false\" data-tab=\"3\" role=\"tab\" tabindex=\"-1\" aria-controls=\"elementor-tab-content-5453\" aria-expanded=\"false\">Bibite & Dolci<\/div>\n\t\t\t\t\t\t\t\t\t<div id=\"elementor-tab-title-5454\" class=\"elementor-tab-title elementor-tab-desktop-title\" aria-selected=\"false\" data-tab=\"4\" role=\"tab\" tabindex=\"-1\" aria-controls=\"elementor-tab-content-5454\" aria-expanded=\"false\">Sugerencias del Chef<\/div>\n\t\t\t\t\t\t\t<\/div>\n\t\t\t<div class=\"elementor-tabs-content-wrapper\" role=\"tablist\" aria-orientation=\"vertical\">\n\t\t\t\t\t\t\t\t\t<div class=\"elementor-tab-title elementor-tab-mobile-title\" aria-selected=\"true\" data-tab=\"1\" role=\"tab\" tabindex=\"0\" aria-controls=\"elementor-tab-content-5451\" aria-expanded=\"false\">Antipasti & Zuppe<\/div>\n\t\t\t\t\t<div id=\"elementor-tab-content-5451\" class=\"elementor-tab-content elementor-clearfix\" data-tab=\"1\" role=\"tabpanel\" aria-labelledby=\"elementor-tab-title-5451\" tabindex=\"0\" hidden=\"false\"><div style=\"display: flex; flex-wrap: wrap; justify-content: center;\"><div style=\"flex: 1; min-width: 300px; padding: 10px;\"><h2>Antipasti Freddi<\/h2><p><strong>Carpaccio di Vitello<\/strong> $170<br \/>Finas l\u00e1minas de carne de ternera, aceite extra virgen y queso parmesano.<\/p><p><strong>Carpaccio di Polpo<\/strong> $195<br \/>L\u00e1minas de pulpo, ajo, aceite extra virgen y pimienta negra.<\/p><p><strong>Carpaccio di Salmone<\/strong> $195<br \/>Finas l\u00e1minas de lomo de salm\u00f3n natural, aceite extra virgen y alcaparras.<\/p><h2>Antipasti Caldi<\/h2><p><strong>Funghi Trifolati<\/strong> $90<br \/>Champi\u00f1ones al vino blanco salteados en perejil y ajo.<\/p><p><strong>Asparagi il Vecchio<\/strong> $135<br \/>Frescos esp\u00e1rragos horneados y gratinados con queso parmesano.<\/p><p><strong>Calamarata<\/strong> $230<br \/>Tiernos anillos de calamar con salsa especial del chef.<\/p><h2>Insalate<\/h2><p><strong>Mista<\/strong> $100<br \/>Dos variedades de lechuga, pimiento, calabaza, tomate de bola y reducci\u00f3n de bals\u00e1mico.<\/p><p><strong>Texin<\/strong> $110<br \/>Lechuga, alcachofa, aceitunas, aceite extra virgen y tomates cherry con el toque del chef.<\/p><p><strong>Caprese<\/strong> $110<br \/>Rodajas de tomate de bola, mozzarella y albahaca fresca.<\/p><h2>Panini<\/h2><p><strong>Prosciutto e Formaggio<\/strong> $150<br \/>Pan reci\u00e9n horneado, jam\u00f3n serrano, queso gouda y ar\u00fagula fresca.<\/p><p><strong>Caprese<\/strong> $115<br \/>Pan reci\u00e9n horneado, tomate de bola, mozzarella y salsa pesto.<\/p><\/div><div style=\"flex: 1; min-width: 300px; padding: 10px;\"><h2>Zuppe<\/h2><p><strong>Zuppa della Nonna<\/strong> $70<br \/>Caldo de gallina con el toque especial del chef.<\/p><p><strong>Zuppa di Lenticchie<\/strong> $75<br \/>Sopa de lentejas finamente sazonada con tocino.<\/p><p><strong>Crema di Gamberi<\/strong> $145<br \/>Delicioso bisque de camarones cristal.<\/p><h2>Risotti<\/h2><p><strong>Risotto Asparagi e Funghi<\/strong> $200<br \/>Arroz estilo italiano con esp\u00e1rragos y champi\u00f1ones frescos.<\/p><p><strong>Risotto Sfizioso<\/strong> $220<br \/>Arroz estilo italiano con camarones, esp\u00e1rragos y tomate cherry.<\/p><p><strong>Risotto alla Aragosta<\/strong> $500<br \/>Arroz estilo italiano con cola de langosta, tomates cherry y un toque de azafr\u00e1n.<\/p><h2>Pasta fresca<\/h2><p><strong>Gnocchi 4 Formaggi<\/strong> $155<br \/>\u00d1oquis de papa reci\u00e9n hechos en salsa de cuatro quesos.<\/p><p><strong>Gnocchi Pere, Noci e Gorgonzola<\/strong> $170<br \/>\u00d1oquis de papa reci\u00e9n hechos con pera, nueces y salsa de queso azul.<\/p><p><strong>Ravioli al Pomodoro<\/strong> $135<br \/>Pasta hecha a mano rellena de reques\u00f3n y espinacas ba\u00f1ada en salsa de tomate.<\/p><p><strong>Ravioli alla Crema di Noci<\/strong> $155<br \/>Pasta hecha a mano rellena de reques\u00f3n y espinacas ba\u00f1ada en salsa de nuez.<\/p><h2>Pasta<\/h2><p><strong>Spaghetti Aglio e Olio<\/strong> $90<br \/>Espagueti con aceite extra virgen, hojuelas de chile de \u00e1rbol y ajo.<\/p><p><strong>Spaghetti al Pomodoro<\/strong> $90<br \/>Espagueti ba\u00f1ado en salsa de tomate y parmesano.<\/p><p><strong>Spaghetti alla Carbonara<\/strong> $145<br \/>Espagueti en salsa de huevo, tocino, parmesano y pimienta.<\/p><\/div><\/div><\/div>\n\t\t\t\t\t\t\t\t\t<div class=\"elementor-tab-title elementor-tab-mobile-title\" aria-selected=\"false\" data-tab=\"2\" role=\"tab\" tabindex=\"-1\" aria-controls=\"elementor-tab-content-5452\" aria-expanded=\"false\">Pasta \u2022 Pesce \u2022 Pizza<\/div>\n\t\t\t\t\t<div id=\"elementor-tab-content-5452\" class=\"elementor-tab-content elementor-clearfix\" data-tab=\"2\" role=\"tabpanel\" aria-labelledby=\"elementor-tab-title-5452\" tabindex=\"0\" hidden=\"hidden\"><div style=\"display: flex; flex-wrap: wrap; justify-content: center;\"><div style=\"flex: 1; min-width: 300px; padding: 10px;\"><h2>Pasta<\/h2><p><strong>Spaghetti allo Scoglio<\/strong> $250<br \/>Espagueti con camarones, almejas, mejillones, calamares y pulpo en salsa de tomate.<\/p><p><strong>Penne all&#8217;Amatriciana<\/strong> $150<br \/>Pasta corta con tocino, salsa de tomate y queso pecorino.<\/p><p><strong>Penne alla Boscaiola<\/strong> $160<br \/>Pasta corta con crema delicada, champi\u00f1ones y tocino.<\/p><p><strong>Tagliatelle con Gamberi<\/strong> $175<br \/>Tallarines con camarones, vino blanco y aceite extra virgen.<\/p><p><strong>Tagliatelle Asparagi e Gamberi<\/strong> $195<br \/>Tallarines con esp\u00e1rragos, camarones en vino blanco, perejil y crema.<\/p><p><strong>Tagliatelle Diavola<\/strong> $190<br \/>Tallarines en salsa de camarones, hojuelas de chile de \u00e1rbol y vino blanco.<\/p><p><strong>Tagliatelle alla Aragosta<\/strong> $495<br \/>Tallarines con tomates cherry, langosta y vino blanco.<\/p><p><strong>Spaghetti Bolognesa<\/strong> $120<\/p><h2>Carne<\/h2><p><strong>Pollo Capriccio<\/strong> $155<br \/>Rollitos de pollo rellenos de nuez y champi\u00f1ones.<\/p><p><strong>Cotoletta alla Milanese<\/strong> $155<br \/>Suave ternera empanizada con guarnici\u00f3n de verduras mixtas.<\/p><p><strong>Osso Buco al Sauto<\/strong> $195<br \/>Estofado de res con la receta tradicional sobre cama de risotto.<\/p><p><strong>Fileto al Gusto<\/strong> $300<br \/>Filete de res al grill con salsa a escoger (vino tinto, bernaesa o gorgonzola) con guarnici\u00f3n de pur\u00e9 de papa.<\/p><p><strong>Fileto Mignon<\/strong> $310<br \/>Filete de res con tocino, salsa de vino blanco y tres pimientas.<\/p><p><strong>Costata<\/strong> $595<br \/>Corte Cowboy de 500 grs. con verduras asadas.<\/p><p><strong>Bistecca senza Osso<\/strong> $400<br \/>Corte New York de 300 grs. con verduras y reducci\u00f3n de vino tinto.<\/p><p><strong>Agnello al Forno<\/strong> $395<br \/>Cordero y papas al horno con pomada de mantequilla.<\/p><\/div><div style=\"flex: 1; min-width: 300px; padding: 10px;\"><h2>Pesce<\/h2><p><strong>Branzino Provolone<\/strong> $220<br \/>Filete de robalo en salsa de queso provolone.<\/p><p><strong>Gamberi al Vino Bianco<\/strong> $215<br \/>Camarones cristal jumbo al vino blanco con esp\u00e1rragos y champi\u00f1ones.<\/p><p><strong>Tonno al Grill<\/strong> $220<br \/>At\u00fan aleta amarilla a la parrilla.<\/p><p><strong>Calamari Fritti<\/strong> $210<br \/>Anillos de calamar tiernos empanizados con pasta especial en cama de ar\u00fagula.<\/p><p><strong>Aragosta alla Griglia<\/strong> $530<br \/>Cola de langosta de 250 gr al grill con esp\u00e1rragos, tomates cherry y fricci\u00f3n de lim\u00f3n.<\/p><h2>Pizza<\/h2><p><strong>Margherita<\/strong> $125<br \/>Salsa de tomate, queso mozzarella y hojas de albahaca fresca.<\/p><p><strong>Vegetariana<\/strong> $190<br \/>Salsa de tomate, mozzarella, calabacitas, pimiento, champi\u00f1ones y esp\u00e1rragos.<\/p><p><strong>Prosciutto e Funghi<\/strong> $175<br \/>Salsa de tomate con mozzarella, jam\u00f3n cocido y champi\u00f1ones.<\/p><p><strong>Hawaiana<\/strong> $175<br \/>Salsa de tomate, mozzarella, pi\u00f1a y jam\u00f3n.<\/p><p><strong>Pepperoni<\/strong> $165<br \/>Salsa de tomate, mozzarella y pepperoni.<\/p><p><strong>Speciale<\/strong> $210<br \/>Salsa de tomate, mozzarella, jam\u00f3n serrano, tomate de bola y ar\u00fagula fresca.<\/p><p><strong>4 Formaggi<\/strong> $210<br \/>Salsa de tomate, quesos mozzarella, gouda, azul y provolone.<\/p><p><strong>Il Vecchio<\/strong> $220<br \/>Salsa de tomate, mozzarella, esp\u00e1rragos, tomates cherry, queso azul y hongos.<\/p><p><strong>Pere e Prosciutto<\/strong> $245<br \/>Salsa de tomate, mozzarella, pera y jam\u00f3n serrano.<\/p><p><strong>Carnes<\/strong> $260<br \/>Salsa de tomate, mozzarella, jam\u00f3n, tocino, pepperoni y jam\u00f3n serrano.<\/p><p><strong>Texin<\/strong> $260<br \/>Salsa de tomate, mozzarella, queso gouda, pepperoni, tocino, jam\u00f3n de pierna, champi\u00f1ones y cebolla.<\/p><\/div><\/div><\/div>\n\t\t\t\t\t\t\t\t\t<div class=\"elementor-tab-title elementor-tab-mobile-title\" aria-selected=\"false\" data-tab=\"3\" role=\"tab\" tabindex=\"-1\" aria-controls=\"elementor-tab-content-5453\" aria-expanded=\"false\">Bibite & Dolci<\/div>\n\t\t\t\t\t<div id=\"elementor-tab-content-5453\" class=\"elementor-tab-content elementor-clearfix\" data-tab=\"3\" role=\"tabpanel\" aria-labelledby=\"elementor-tab-title-5453\" tabindex=\"0\" hidden=\"hidden\"><div><h2>Bibite<\/h2><p><strong>Botella con agua<\/strong> &#8211; $30<\/p><p><strong>Refresco<\/strong> &#8211; $35<\/p><p><strong>Naranjada o limonada<\/strong> &#8211; $35<\/p><p><strong>Perrier y San Pellegrino<\/strong> &#8211; $60<\/p><p><strong>Fizz de ar\u00e1ndano y lim\u00f3n<\/strong> &#8211; $48<\/p><p><strong>Jarra de naranjada o limonada<\/strong> &#8211; $120<\/p><p><strong>Jarra Rosa<\/strong> &#8211; $150<\/p><p><strong>Cerveza Nacional<\/strong> &#8211; $41<\/p><p><strong>Heineken<\/strong> &#8211; $58<\/p><p><strong>Chelada<\/strong> &#8211; $48<\/p><p><strong>Michelada<\/strong> &#8211; $58<\/p><p><strong>Clamato natural<\/strong> &#8211; $68<\/p><p><strong>Clamato con cerveza<\/strong> &#8211; $73<\/p><p><strong>Copa de Clericot<\/strong> &#8211; $80<\/p><p><strong>Copa de Vino de la Casa<\/strong> &#8211; $71<\/p><p><strong>Jarra de Clericot<\/strong> &#8211; $220<\/p><h2>Dolci<\/h2><p><strong>Gelato<\/strong> &#8211; $70<br \/>Helado (Stracciatella o Vainilla)<\/p><p><strong>Affogato al Caff\u00e8<\/strong> &#8211; $85<br \/>Helado ba\u00f1ado en un delicioso caf\u00e9 espresso.<\/p><p><strong>Tiramis\u00f9<\/strong> &#8211; $80<br \/>Aut\u00e9ntico tiramis\u00f9 a la italiana con pan di spagna, ba\u00f1ado con caf\u00e9 y cubierto de queso mascarpone.<\/p><p><strong>Panna Cotta<\/strong> &#8211; $70<br \/>Crema cocida ba\u00f1ada en salsa de fruta de temporada.<\/p><p><strong>Pastelito di Cioccolato<\/strong> &#8211; $75<br \/>Chocolate, almendra, coco y galleta.<\/p><p><strong>Ch\u00e9<\/strong> &#8211; $100<br \/>Hojaldre, whisky y nuez.<\/p><p><strong>Strudel de Manzana<\/strong> &#8211; $100<br \/>Hojaldre, manzana y pasitas con helado.<\/p><\/div><\/div>\n\t\t\t\t\t\t\t\t\t<div class=\"elementor-tab-title elementor-tab-mobile-title\" aria-selected=\"false\" data-tab=\"4\" role=\"tab\" tabindex=\"-1\" aria-controls=\"elementor-tab-content-5454\" aria-expanded=\"false\">Sugerencias del Chef<\/div>\n\t\t\t\t\t<div id=\"elementor-tab-content-5454\" class=\"elementor-tab-content elementor-clearfix\" data-tab=\"4\" role=\"tabpanel\" aria-labelledby=\"elementor-tab-title-5454\" tabindex=\"0\" hidden=\"hidden\"><h2>Sugerencias<\/h2>\n\n<p><strong>Crema de Esp\u00e1rragos y Calabac\u00edn<\/strong> &#8211; $100<\/p>\n\n<p><strong>Ravioli Ripieni di Salmone<\/strong> &#8211; $190<br>\nPasta fresca rellena de salm\u00f3n y queso ricotta, ba\u00f1ados en salsa blanca.<\/p>\n\n<p><strong>Ravioli Gratinati<\/strong> &#8211; $170<br>\nPasta rellena de queso ricotta con espinacas, ba\u00f1ados en salsa de tomate, horneados y gratinados.<\/p>\n\n<p><strong>Spaghetti alla Bolognese<\/strong> &#8211; $120<\/p>\n\n<p><strong>Pizza Texin<\/strong> &#8211; $250<br>\nSalsa de tomate, queso mozzarella, queso gouda, jam\u00f3n de pierna, tocino, pepperoni, champi\u00f1ones y cebolla.<\/p>\n\n<p><strong>Pizza Carnes<\/strong> &#8211; $250<br>\nSalsa de tomate, queso mozzarella, queso gouda, jam\u00f3n de pierna, tocino, pepperoni y jam\u00f3n serrano.<\/p>\n\n<p><strong>Pastel de queso marmoleado<\/strong> &#8211; $85<\/p>\n\n<p><strong>Flan Napolitano<\/strong> &#8211; $70<\/p><\/div>\n\t\t\t\t\t\t\t<\/div>\n\t\t<\/div>\n\t\t\t\t\t\t<\/div>\n\t\t\t\t<\/div>\n\t\t\t\t\t<\/div>\n\t\t<\/div>\n\t\t\t\t\t<\/div>\n\t\t<\/section>\n\t\t\t\t<section class=\"elementor-section elementor-top-section elementor-element elementor-element-8f5c5a0 elementor-section-boxed elementor-section-height-default elementor-section-height-default\" data-id=\"8f5c5a0\" data-element_type=\"section\" data-settings=\"{&quot;background_background&quot;:&quot;classic&quot;}\">\n\t\t\t\t\t\t\t<div class=\"elementor-background-overlay\"><\/div>\n\t\t\t\t\t\t\t<div class=\"elementor-container elementor-column-gap-default\">\n\t\t\t\t\t<div class=\"elementor-column elementor-col-25 elementor-top-column elementor-element elementor-element-fc4c8a0\" data-id=\"fc4c8a0\" data-element_type=\"column\">\n\t\t\t<div class=\"elementor-widget-wrap elementor-element-populated\">\n\t\t\t\t\t\t<div class=\"elementor-element elementor-element-c0dc4b6 elementor-widget elementor-widget-kababi_elementor_icon\" data-id=\"c0dc4b6\" data-element_type=\"widget\" data-widget_type=\"kababi_elementor_icon.default\">\n\t\t\t\t<div class=\"elementor-widget-container\">\n\t\t\t\t\t\n        \t\t\t<div class=\"ova-icon\">\n\t\t\t\t<i class=\"flaticon-chef\"><\/i>\n\t\t\t<\/div>\n\t\t  \t\n\n\t\t\t\t\t\t<\/div>\n\t\t\t\t<\/div>\n\t\t\t\t\t<\/div>\n\t\t<\/div>\n\t\t\t\t<div class=\"elementor-column elementor-col-25 elementor-top-column elementor-element elementor-element-51fd905\" data-id=\"51fd905\" data-element_type=\"column\">\n\t\t\t<div class=\"elementor-widget-wrap elementor-element-populated\">\n\t\t\t\t\t\t<div class=\"elementor-element elementor-element-d1dcf07 elementor-widget elementor-widget-kababi_elementor_icon\" data-id=\"d1dcf07\" data-element_type=\"widget\" data-widget_type=\"kababi_elementor_icon.default\">\n\t\t\t\t<div class=\"elementor-widget-container\">\n\t\t\t\t\t\n        \t\t\t<div class=\"ova-icon\">\n\t\t\t\t<i class=\"flaticon-fast-food\"><\/i>\n\t\t\t<\/div>\n\t\t  \t\n\n\t\t\t\t\t\t<\/div>\n\t\t\t\t<\/div>\n\t\t\t\t\t<\/div>\n\t\t<\/div>\n\t\t\t\t<div class=\"elementor-column elementor-col-25 elementor-top-column elementor-element elementor-element-b00157c\" data-id=\"b00157c\" data-element_type=\"column\">\n\t\t\t<div class=\"elementor-widget-wrap elementor-element-populated\">\n\t\t\t\t\t\t<div class=\"elementor-element elementor-element-bb0d7d1 elementor-widget elementor-widget-kababi_elementor_icon\" data-id=\"bb0d7d1\" data-element_type=\"widget\" data-widget_type=\"kababi_elementor_icon.default\">\n\t\t\t\t<div class=\"elementor-widget-container\">\n\t\t\t\t\t\n        \t\t\t<div class=\"ova-icon\">\n\t\t\t\t<i class=\"flaticon-cutlery\"><\/i>\n\t\t\t<\/div>\n\t\t  \t\n\n\t\t\t\t\t\t<\/div>\n\t\t\t\t<\/div>\n\t\t\t\t\t<\/div>\n\t\t<\/div>\n\t\t\t\t<div class=\"elementor-column elementor-col-25 elementor-top-column elementor-element elementor-element-d888d6d\" data-id=\"d888d6d\" data-element_type=\"column\">\n\t\t\t<div class=\"elementor-widget-wrap elementor-element-populated\">\n\t\t\t\t\t\t<div class=\"elementor-element elementor-element-7bf8f95 elementor-widget elementor-widget-kababi_elementor_icon\" data-id=\"7bf8f95\" data-element_type=\"widget\" data-widget_type=\"kababi_elementor_icon.default\">\n\t\t\t\t<div class=\"elementor-widget-container\">\n\t\t\t\t\t\n        \t\t\t<div class=\"ova-icon\">\n\t\t\t\t<i class=\"flaticon-pizza-1\"><\/i>\n\t\t\t<\/div>\n\t\t  \t\n\n\t\t\t\t\t\t<\/div>\n\t\t\t\t<\/div>\n\t\t\t\t\t<\/div>\n\t\t<\/div>\n\t\t\t\t\t<\/div>\n\t\t<\/section>\n\t\t\t\t<section class=\"elementor-section elementor-top-section elementor-element elementor-element-d749087 elementor-section-full_width elementor-section-height-default elementor-section-height-default\" data-id=\"d749087\" data-element_type=\"section\">\n\t\t\t\t\t\t<div class=\"elementor-container elementor-column-gap-no\">\n\t\t\t\t\t<div class=\"elementor-column elementor-col-100 elementor-top-column elementor-element elementor-element-729753e\" data-id=\"729753e\" data-element_type=\"column\">\n\t\t\t<div class=\"elementor-widget-wrap elementor-element-populated\">\n\t\t\t\t\t\t<div class=\"elementor-element elementor-element-6613798 elementor-widget elementor-widget-kababi_elementor_instagram\" data-id=\"6613798\" data-element_type=\"widget\" data-widget_type=\"kababi_elementor_instagram.default\">\n\t\t\t\t<div class=\"elementor-widget-container\">\n\t\t\t\t\t\t\t\n\t\t\t\t<div class=\"ova-instagram\">\n\n\t\t\t\t\t\n\t\t\t\t\t<div class=\"slide owl-carousel owl-theme\" data-instagram_slide=\"{&quot;autoplayTimeout&quot;:3000,&quot;margin&quot;:0,&quot;autoplay&quot;:true,&quot;loop&quot;:true,&quot;autoplayHoverPause&quot;:true,&quot;lazyLoad&quot;:true,&quot;nav&quot;:false,&quot;navText&quot;:[&quot;&lt;i class=\\&quot;fa fa-angle-left\\&quot; aria-hidden=\\&quot;true\\&quot;&gt;&lt;\\\/i&gt;&quot;,&quot;&lt;i class=\\&quot;fa fa-angle-right\\&quot; aria-hidden=\\&quot;true\\&quot;&gt;&lt;\\\/i&gt;&quot;],&quot;dots&quot;:false,&quot;smartSpeed&quot;:1000,&quot;responsive&quot;:{&quot;0&quot;:{&quot;items&quot;:1},&quot;900&quot;:{&quot;items&quot;:3},&quot;1200&quot;:{&quot;items&quot;:6}}}\" >\n\t\t\t\t\t\t\t\t\t\t\t<\/div>\n\t\t\t\t<\/div>\n\t\t\t\t\t\t\t\t<\/div>\n\t\t\t\t<\/div>\n\t\t\t\t\t<\/div>\n\t\t<\/div>\n\t\t\t\t\t<\/div>\n\t\t<\/section>\n\t\t\t\t<\/div>\n\t\t","protected":false},"excerpt":{"rendered":"<p>Antipasti &#038; Zuppe Pasta \u2022 Pesce \u2022 Pizza Bibite &#038; Dolci Sugerencias del Chef Antipasti &#038; Zuppe Antipasti Freddi Carpaccio di Vitello $170Finas l\u00e1minas de carne de ternera, aceite extra virgen y queso parmesano. Carpaccio di Polpo $195L\u00e1minas de pulpo, ajo, aceite extra virgen y pimienta negra. Carpaccio di Salmone $195Finas l\u00e1minas de lomo de [&hellip;]<\/p>\n","protected":false},"author":1,"featured_media":0,"parent":0,"menu_order":0,"comment_status":"closed","ping_status":"closed","template":"elementor_header_footer","meta":{"_monsterinsights_skip_tracking":false,"_monsterinsights_sitenote_active":false,"_monsterinsights_sitenote_note":"","_monsterinsights_sitenote_category":0,"footnotes":""},"class_list":["post-368","page","type-page","status-publish","hentry"],"aioseo_notices":[],"_links":{"self":[{"href":"http:\/\/ilvecchio.com.mx.previewc40.carrierzone.com\/index.php?rest_route=\/wp\/v2\/pages\/368","targetHints":{"allow":["GET"]}}],"collection":[{"href":"http:\/\/ilvecchio.com.mx.previewc40.carrierzone.com\/index.php?rest_route=\/wp\/v2\/pages"}],"about":[{"href":"http:\/\/ilvecchio.com.mx.previewc40.carrierzone.com\/index.php?rest_route=\/wp\/v2\/types\/page"}],"author":[{"embeddable":true,"href":"http:\/\/ilvecchio.com.mx.previewc40.carrierzone.com\/index.php?rest_route=\/wp\/v2\/users\/1"}],"replies":[{"embeddable":true,"href":"http:\/\/ilvecchio.com.mx.previewc40.carrierzone.com\/index.php?rest_route=%2Fwp%2Fv2%2Fcomments&post=368"}],"version-history":[{"count":7,"href":"http:\/\/ilvecchio.com.mx.previewc40.carrierzone.com\/index.php?rest_route=\/wp\/v2\/pages\/368\/revisions"}],"predecessor-version":[{"id":6419,"href":"http:\/\/ilvecchio.com.mx.previewc40.carrierzone.com\/index.php?rest_route=\/wp\/v2\/pages\/368\/revisions\/6419"}],"wp:attachment":[{"href":"http:\/\/ilvecchio.com.mx.previewc40.carrierzone.com\/index.php?rest_route=%2Fwp%2Fv2%2Fmedia&parent=368"}],"curies":[{"name":"wp","href":"https:\/\/api.w.org\/{rel}","templated":true}]}}